38
Let a = 322 - 292. What is the greatest common divisor of 165 and a?
15
Suppose -22*m = -579 - 125. Calculate the highest common divisor of m and 160.
32
Suppose 4*s + 5 = p + s, 0 = -3*p - 2*s + 26. Let q = 19 + -1. Suppose -42 = -5*j + q. Calculate the highest common factor of j and p.
4
Let h be -2 + 7 + 52 + -2. What is the greatest common divisor of 88 and h?
11
Suppose 2*c = -4*g + 76, -160 = -4*c - 5*g + g. Suppose 23 = 5*w - c. What is the highest common factor of w and 13?
13
Let r = 981 + -699. What is the highest common divisor of 18 and r?
6
Suppose 7*k - 8 = 6*k - l, -5*k = l - 28. Suppose -5*m - 5*s = 0, -m - m = -3*s - k. What is the greatest common factor of 2 and m?
1
Let i be ((-336)/(-70))/(1/5). Suppose -5*q - g = 120, i = -q - 7*g + 4*g. Let y be q/(-15) + 2/5. Calculate the greatest common divisor of y and 6.
2
Let f(q) = q - 13. Let c be f(12). Let m be 8 + 1 - c*2. Suppose -i + 3*w = -m - 11, w - 4 = 0. Calculate the highest common factor of 51 and i.
17
Let c(x) = -13*x**2 + 2. Let o be c(1). Let g = -12 - o. Let z be ((-7)/(-4))/(g/(-8)). What is the greatest common divisor of z and 28?
14
Let g = -5 - -8. Suppose -g*n = -2*h + 6 + 16, 0 = 3*h - 3*n - 36. Calculate the highest common divisor of h and 126.
14
Suppose 53 = 5*c + 3*n - 6*n, -n + 29 = 3*c. What is the greatest common factor of 1210 and c?
10
Let k(y) = 4*y - 12. Let d be k(8). Let z = -18 + d. Suppose 0 = 2*f - 3*f + 4. What is the highest common divisor of f and z?
2
Let d(s) = -21*s - 121. Let w be d(-13). What is the highest common divisor of w and 190?
38
Suppose 0 = 5*o + 3*g - 26, 2*o = o + g + 2. Suppose -126 = -o*x + 30. Let q = x - 17. Calculate the greatest common factor of 33 and q.
11
Let h(m) = -m**2 - 14*m + 13. Let k be h(-15). Let c be k - (0 - (-20)/(-1)). What is the highest common factor of c and 2?
2
Suppose 5*k + 4*i = 13, 3*k + 2*k - 5*i = -5. Suppose 2*x - 2*w = -10, -w + 53 - 38 = 4*x. What is the highest common factor of k and x?
1
Let t(b) = b**3 - 5*b**2 - 7*b + 4. Let l be t(6). Let x be ((3/(-3) - -1)/2)/1. Let f be 13 - (l - x/(-1)). Calculate the highest common divisor of f and 15.
15
Let d(z) = 19*z - 162. Let x be d(9). What is the greatest common divisor of x and 150?
3
Let r = 46 + -31. Let c = r - 12. Suppose 4*u + c*n = 90, 0 = 4*u - 5*n + 12 - 86. Calculate the greatest common divisor of u and 168.
21
Let z = -1125 - -2154. What is the highest common divisor of 84 and z?
21
Let o be (-1)/((2 - 3)/(21/7)). Let r be -6 + o - 7/(14/(-36)). What is the highest common divisor of r and 135?
15
Suppose 57 = 4*n + 5*m, -18 = -n - m - m. Calculate the greatest common divisor of 1048 and n.
8
Suppose -35 = -i + 5*k, 5*i - i = -3*k + 48. What is the greatest common divisor of 81 and i?
3
Let s be 1845/164 - ((-6)/8 - 0). What is the greatest common divisor of s and 3?
3
Let m = 16 - 16. Let r(a) = -a**3 + a**2 + a + 9. Let p be r(m). What is the highest common divisor of 99 and p?
9
Let m be (2/2 + -17)*(-54)/(-108). Let u be (-133)/m - 78/(-208). What is the greatest common factor of 51 and u?
17
Let n = -1 - -1. Suppose n = v - 1. Let f be v*45 + 5 + -8. What is the greatest common divisor of f and 6?
6
Let p = 98 - 50. What is the greatest common factor of p and 80?
16
Suppose 0 = 3*g - 12. Let h = -12 + 10. Let n be 31 + h/(-2) + -4. Calculate the highest common divisor of n and g.
4
Suppose -2 - 6 = -4*c, -3*v - 4*c = -818. Calculate the greatest common factor of 30 and v.
30
Let p be 86*(-4 + 9/6). Let w = p + 380. What is the highest common divisor of w and 66?
33
Let w = -145 + 310. Let n be ((-24)/(-10))/(6/w). Calculate the greatest common factor of n and 33.
33
Suppose 360 = 5*m + c, 0 = -m + 4*c + 121 - 49. What is the greatest common divisor of 504 and m?
72
Let t be (-75)/27 - 4/18. Let r = t - -11. Let v(l) = -l**2 - 10*l + 15. Let n be v(-9). Calculate the greatest common divisor of r and n.
8
Let h(m) = 2*m - 16. Let k be h(9). Suppose -k*u - u = i - 160, u - 4*i - 75 = 0. What is the highest common divisor of 5 and u?
5
Suppose -13*a + 284 = 89. Calculate the highest common divisor of a and 24.
3
Suppose 0 = -24*q - 24*q + 3744. What is the highest common factor of 546 and q?
78
Let b(c) = 15*c**2 - 6*c + 8. Let n be b(1). Calculate the highest common divisor of n and 34.
17
Suppose -51 = -r - 20. Let l be (r + 3 - -1) + -2. Suppose 2*n + n - 3 = 0, 2*h - 3*n = l. What is the highest common factor of h and 36?
18
Suppose -3*b - 4*c = -431, 145 - 432 = -2*b - 3*c. Let g(q) = 3*q + 56. Let a = 43 + -52. Let k be g(a). What is the greatest common divisor of b and k?
29
Suppose 4*n - 164 = -5*t, -6*n + 4*n = -3*t - 104. Calculate the greatest common factor of 943 and n.
23
Suppose -4*b = 9 - 113. Suppose 2*o - 39 = 3*y, 10 = 3*o + 1. Let q(v) = -v**3 - 11*v**2 - v + 2. Let p be q(y). What is the greatest common divisor of p and b?
13
Let l(z) = -17*z + 53. Let c be l(3). What is the greatest common factor of c and 7?
1
Suppose -2*w - 5*q = -630, 0 = 5*w + 2*q + q - 1613. What is the greatest common divisor of w and 13?
13
Suppose -2*g - 2 = 8. Let i be 16/(3/(-120)*g). Calculate the highest common divisor of 16 and i.
16
Suppose i - 55 = 5*x, -15*i + 13*i + 155 = -x. Calculate the greatest common factor of 32 and i.
16
Let i(o) = o**2 + 13*o + 34. Let m be i(-14). Let l = m + -40. What is the greatest common divisor of l and 16?
8
Let t be (36/8)/(-9)*-4. Suppose 0 = k - 3, t*q = -4*k + 36. Calculate the greatest common factor of 6 and q.
6
Suppose -124659 = -96*k + 15*k. What is the greatest common factor of k and 57?
57
Suppose 0 = -p + 3*h + 30, h + 78 - 12 = 3*p. Let y(z) = 7*z - 18. Let u be y(8). Let q = u + -24. What is the greatest common factor of p and q?
7
Suppose 2*o + 15 - 3 = 0. Let f be o/(-14) - (-3088)/112. Let p(g) = g**2 + 5*g + 4. Let x be p(6). Calculate the greatest common factor of f and x.
14
Suppose 3*f - 28 = -13. Suppose -4 = -f*y + 1. Let c be 11 - (y - 4)/1. Calculate the greatest common factor of c and 126.
14
Let u(b) = 7*b + 57. Suppose 5*n - 28 = 17*c - 16*c, 16 = -4*c - 4*n. Let o be u(c). Let a = -14 - -21. What is the highest common divisor of a and o?
1
Let j(y) = -y + 48. Let b be j(18). Calculate the highest common divisor of 660 and b.
30
Let m be 14/(-91) - 862/(-26). What is the highest common divisor of m and 1056?
33
Let u = 3024 - 2807. Calculate the greatest common divisor of u and 248.
31
Let d = 121 - 79. Suppose 0 = 3*h + h - 48. Suppose -h - 18 = -5*t. What is the highest common divisor of t and d?
6
Let y = -474 + 586. Calculate the highest common divisor of 32 and y.
16
Let q(o) = -o - 1. Let c = 19 + -15. Let s(p) = -24*p - 27. Let r(h) = c*s(h) - 108*q(h). Let d be r(5). What is the highest common divisor of 12 and d?
12
Let s(n) be the second derivative of -11/6*n**3 - 1/20*n**5 + 0 + n**4 + 13/2*n**2 + 6*n. Let j be s(11). What is the highest common divisor of j and 13?
13
Suppose 0 = -5*q + 4*p + 60, 0 = -5*p + 3*p + 10. Let t(c) = -c - 1. Let f be t(7). Let n = f - -48. What is the highest common divisor of q and n?
8
Let a be ((-70)/100*4 + 4)*110. Let w(b) = b**3 - 2*b**2 - 5*b. Let s be w(4). What is the greatest common factor of a and s?
12
Let c = -1166 + 1262. Calculate the highest common divisor of c and 2400.
96
Let v(t) = 4*t**2 + 11*t + 9. Let f be v(4). What is the highest common factor of f and 1170?
117
Suppose -5*j + 0*j - 37 = d, 53 = -4*d - j. Let r be -4*3/d*-4. Let p be (-43)/r + 1/4. What is the highest common factor of 88 and p?
11
Let x(k) = k**2 - 22*k + 19. Suppose 4*z + 20 = 112. Let p be x(z). Calculate the greatest common divisor of 42 and p.
42
Let z(d) = -10*d - 77. Let v be z(-8). What is the greatest common factor of v and 192?
3
Suppose 8*r = 4*r + 16. Suppose 5*s + r*v = s - 8, 4*s + v - 1 = 0. Calculate the highest common divisor of 1 and s.
1
Suppose -684 = 1449*r - 1468*r. Suppose 0 = 2*u - 0*u - 54. Calculate the highest common factor of u and r.
9
Suppose 0 = 24*q - 28*q + 12. Suppose 1 = -4*v + 3*c + 3, -5*c = -2*v - 6. Suppose 1 = -t - 2, v*h - 18 = 2*t. What is the highest common factor of q and h?
3
Suppose 59 + 67 = 2*q + 2*a, 0 = 5*q - 4*a - 324. Let j(z) = 2*z - 4. Let o be j(10). What is the greatest commo